)?
-2
Evaluate 0 - ((-2 - -3) + 1) - 1.
-3
What is -7 - (-8 + (1 - 1)) - 5?
-4
Calculate -1 + -1 + 1 + -2 + 0.
-3
Calculate -8 + 7 + (-2 - 1).
-4
What is the value of -2 - (-2 + 2 - 2)?
0
What is -1 + 2 + -12 - -18?
7
What is the value of -1 + 7 - (9 + -10)?
7
4 + (2 - 8 - (-5 + 1))
2
What is the value of 0 + -3 + -20 + 24?
1
Evaluate 1 + 0 + 25 + -24.
2
What is (4 - (10 + -3)) + 11 + -2?
6
-1 - 4 - -6 - 3
-2
What is the value of 1 + (7 - 0) - (-32 - -44)?
-4
-2 - -6 - (5 - 1)
0
Evaluate (-8 + 6 - -7) + 0 + 5.
10
(-5 + (0 - -6) - 2) + 8
7
What is the value of (4 - 0) + (8 - 7)?
5
What is (-26 - -23) + (5 - -2)?
4
What is 7 + 2 + -5 + -3 - 2?
-1
1 - ((-1 - -1) + -3 + 1)
3
What is the value of (8 - 0) + -15 + 12 - 3?
2
What is (-3 - -1) + 9 + -12?
-5
What is the value of 7 + (-26 - -10) - 1?
-10
What is (-9 + -4 - -7) + 6?
0
What is -15 + 9 + (0 - -6)?
0
What is the value of -3 - (-7 + 4 + -3) - 1?
2
5 - (9 - (-5 + 6))
-3
What is -4 - (-5 + 0 + 2)?
-1
What is the value of 2 + -4 + (2 - 0) - -5?
5
1 - -1 - (-3 + 2 + -2)
5
What is -3 - (-3 + 4 - (6 + 2))?
4
(-1 - -1) + 1 - -2
3
What is -3 + 5 + -1 - (-3 - 0)?
4
Calculate (20 - 24) + (0 - -2).
-2
Evaluate (2 - -7 - 3) + 0.
6
-1 - (-3 + (3 - 4))
3
Evaluate -4 + 2 + -3 - (0 + -1).
-4
(-3 - -4) + -6 + (4 - 1)
-2
Calculate -3 - (-3 + 2 - 7).
5
22 + -20 + (-5 - 1)
-4
What is the value of 9 - 4 - (1 + -3 + 13)?
-6
What is -2 + 0 + -2 - (-19 + 9)?
6
What is the value of 0 - (-3 + 0) - (10 - 13)?
6
1 + 0 + (-10 - -7)
-2
Evaluate (-3 - 7) + 0 + 6.
-4
-1 + (-1 - -4) + 0
2
Calculate -8 + 2 + (1 - -3) + 2.
0
What is the value of (-3 - -4) + -3 - -7?
5
3 + 2 + (17 - 19)
3
Evaluate (4 - (5 - 1)) + -1.
-1
(7 - 5) + -9 + -1
-8
What is the value of 3 + (0 - (10 - 3))?
-4
What is the value of 51 + -52 - (3 - 3)?
-1
Evaluate 2 + -5 - -7 - 0.
4
Evaluate (-8 - 0) + (27 - 22).
-3
-1 - ((-12 - -6) + (1 - -9))
-5
13 + (-13 + 11 - 10)
1
What is the value of 9 - (-3 + (7 - 1))?
6
What is 4 - (3 + 0 + 4 - 4)?
1
What is -3 + -13 + 9 + 9?
2
What is -1 - 3 - (5 - 8)?
-1
Calculate (-2 - -4) + -34 + 35.
3
-1 + -3 + -6 - -8
-2
What is the value of -2 - -4 - 2 - (-3 - -1)?
2
-4 + (-1 - -5) + (1 - 5)
-4
(-1 - -10) + -26 + 11
-6
What is the value of 2 - 0 - (11 + -6 + -1)?
-2
0 + (7 - 1 - 11)
-5
What is the value of -3 + (9 - 5 - 0)?
1
Calculate 2 + (1 + -5 - -1).
-1
Evaluate 3 - (23 + -24 - (0 + -4)).
0
Calculate 144 - 143 - (-6 - -1).
6
Calculate -17 + 13 + 0 + 7.
3
What is the value of 9 + (-3 - (4 - 1))?
3
-3 + (5 - 1) - 2 - -3
2
Evaluate -19 + 17 - (0 - 3).
1
What is the value of 1 + -1 - -2 - (-9 + 11)?
0
Calculate -6 - (6 + -4 + -4).
-4
What is the value of 5 - (-5 + 5) - -2?
7
Evaluate -3 - ((-3 - 2) + 1).
1
What is the value of -2 + -2 - (-11 - (9 + -12))?
4
-2 + 4 - (2 - (-3 + -1))
-4
What is the value of -8 + 1 + 1 + 1 + 0?
-5
Evaluate -5 + 1 + (-10 - -9).
-5
Evaluate 1 - (0 - (1 + 3 + 1)).
6
What is the value of (-1 - 2) + 4 + (-9 - -5)?
-3
Evaluate 2 + 1 - (-14 - -17).
0
Evaluate -1 - -2 - (-7 - -1 - -4).
3
What is 4 + 5 + (7 - 18)?
-2
Evaluate 1 + 11 - (-2 - (-15 - -8)).
7
What is the value of (-6 - -3) + (0 - (-6 + 3))?
0
What is 14 + (11 - 6) - 12?
7
Evaluate -4 - (1 - (-1 + 4)) - -3.
1
Calculate 4 - (4 - (-3 - -2)).
-1
Evaluate 7 + 3 - (29 - 23).
4
What is the value of (-2 + 5 - 4) + 1?
0
Calculate -243 + 245 + -1 + -11.
-10
What is (-1 - 0) + -2 - (11 - 15)?
1
Evaluate 1 - 0 - (-2 - (1 + -3)).
1
What is -10 + 4 + 7 + -1?
0
What is 3 - (13 + -7 + 0)?
-3
Calculate (1 - 2) + (-1 + 2 - 0).
0
-11 + (-3 - -1) + (-1 - -7)
-7
Evaluate -1 + 0 + -15 + 19.
3
1 - 16 - (-3 + -3)
-9
Calculate 2 - (0 - 3 - 0).
5
Calculate -3 - (-2 + (1 - (1 + -3))).
-4
Calculate -2 - -6 - (3 + 1).
0
(2 - -3) + -2 + -6
-3
What is 3 - ((20 - 10) + -6)?
-1
6 - (1 + -2 + -1 + 6)
2
What is 9 + (-3 - -1 - 4 - -1)?
4
(15 + -14 - 0) + 3 + 2
6
20 - 9 - (13 + -6)
4
What is 3 + (-1 + -4 - -4 - 7)?
-5
What is 1 + (1 - 1) + 7 + -10?
-2
Evaluate 14 + -16 + (1 - -1).
0
What is the value of 7 + 0 + (-4 - 2)?
1
Evaluate -2 + (3 - 0) + -11.
-10
Evaluate 1 + (2 - (-3 - -7)) - 0.
-1
10 + 0 - (-49 - -56)
3
What is the value of (6 - -9) + -16 + -8?
-9
Calculate -2 + -3 + -1 + (2 - 0).
-4
What is (-7 - 2) + 9 + 5?
5
(-3 - 2) + 5 + 0
0
1 - (6 - 3) - -5
3
(-2 - (2 - (9 + 3))) + -4
4
Evaluate (14 - 9) + -1 + -4.
0
Evaluate -8 - (-27 + (-6 + 22 - 8)).
11
3 - -3 - (2 + -1)
5
Calculate 2 + -2 + -1 + -1.
-2
Evaluate -14 + (12 - (15 - 7)).
-10
What is the value of 9 + -3 + -1 + -7?
-2
166 + -167 - (1 + -1)
-1
Calculate (2 + -5 - 1) + (1 - -8).
5
What is the value of -3 + -4 + (1 - 3) + 4?
-5
Calculate -1 - (-4 + -1 + 7).
-3
Calculate -3 - -1 - (-1 + -4).
3
What is -7 + 2 + 0 + 0 + 4?
-1
What is 7 + -1 + 6 + (2 - 4)?
10
What is -5 + (5 - (4 + -8))?
4
What is the value of -7 + 1 + -1 + 5?
-2
Calculate 1 + 6 + (1 - 7).
1
What is 214 + -214 - (0 + -2)?
2
Calculate (3 - -4) + -5 - 4.
-2
What is 3 + 7 + (-1 - 5)?
4
Calculate -12 - -11 - (4 + 1 - -1).
-7
What is -14 - -12 - (1 + -2) - 2?
-3
Calculate (0 - (-4 + 1)) + (3 - 3).
3
What is the value of (1 - 3) + (-4 - -3)?
-3
What is the value of 3 + -6 + 6 + -4 - -6?
5
Calculate -1 - (-6 - -2) - 8.
-5
What is the value of -14 - -15 - (0 - -3) - -5?
3
Calculate -1 + (5 - 1 - (1 - 0)).
2
Calculate -19 - -32 - (15 - -4).
-6
What is the value of -7 + -1 - (-7 + -2)?
1
What is -2 + 3 - (-1 + 4)?
-2
What is -12 + 13 + -7 + 0 + 0?
-6
(2 + 10 - 4) + -9
-1
Calculate 0 + (9 - (-2 - -10)).
1
What is (8 - 0) + (-29 - -28)?
7
What is the value of 0 + (2 - 6 - -3) + 6?
5
What is the value of -2 + 0 + -1 + -2 + 2?
-3
Calculate (5 + -5 - -6) + -9 - -8.
5
Evaluate -121 + 135 + -3 + -1.
10
-1 - (-8 - (1 + -6))
2
Calculate (-3 + 6 - 4) + -3.
-4
-2 - -2 - (-7 - (-13 - -11))
5
What is the value of 1 - ((-1 - 5) + 4) - 1?
2
7 + 0 + -11 + -2 + 7
1
Calculate -5 + -5 + (19 - 4).
5
What is -7 - (7 + -11 - 2)?
-1
Evaluate (5 - 11) + 17 + -6.
5
What is (-4 - 0 - (-15 + 13)) + -7?
-9
What is -4 + 2 - -4 - (-26 + 27)?
1
2 - 1 - 1 - (0 + -4)
4
Calculate -11 + 6 + (10 - 6).
-1
What is the value of 13 + -4 + -18 - -12?
3
Evaluate 3 - (-3 + -2 + (2 - -1)).
5
What is the value of -15 + (11 - (5 - 5))?
-4
Calculate 1 + (0 + 2 + -1 - -1).
3
Evaluate 48 + -52 + (-1 - 2).
-7
Evaluate -5 - (-13 - -1 - -6).
1
What is the value of -9 + (9 - (5 + 0))?
-5
Evaluate -7 + (0 + 6 - (-1 - -4)).
-4
Calculate 3 + -9 + (-2 - (-7 - -4)).
-5
What is 14 + -15 + (2 - 2) + 5?
4
Evaluate 4 - (-1 - -3 - (-10 - -8)).
0
(14 - 8) + -2 + 1
5
What is the value of 11 - (3 - (2 - 5))?
5
What is the value of 8 + 3 + (-4 - -1) + -4?
4
What is the value of (-5 - -9) + -1 + 0?
3
3 - (4 - (-2 - -4))
1
What is the value of 7 + -3 + (9 - 6 - 6)?
1
Calculate (3 - -6) + (-4 - 0).
5
What is -4 + (14 - 3 - 5) + -1?
1
Evaluate 8 + (-4 - (6 - 7)).
5
Evaluate -5 - ((1 - 2) + 1 + -2).
-3
What is (2 - -7) + -6 - -4?
7
5 - (-8 + 1 + 1 + 4)
7
What is -5 + (-1 - -1) + (25 - 14)?
6
-1 - -4 - (-91 - -100)
-6
What is the value of 16 - (-11 - (-25 - -3))?
5
What is (-2 - 5) + (0 - (-2 + -11))?
6
Calculate -8 + -9 + 0 + 16.
-1
What is 2 + (-6 - -10) - 9?
-3
What is (1 - (-2 + (-2 - -4))) + 2?
3
Calculate 1 + 10 + (73 - 81).
3
What is the value of (-1 - 3) + 2 + -2 + 0?
-4
What is the value of 12 + (-9 - -1) + -1 + -1?
2
What is the value of 8 + (-6 - 5) + 4?
1
What is -13 - -2 - -4 - (-1 - 6)?
0
Calculate 4 + 2 + -16 - (-11 - -7).
-6
What is -2 + (4 - (4 + 3) - -4)?
-1
Evaluate (0 - 0 - 9) + 6.
-3
What is (1 - 15) + 6 - 1?
-9
What is 4 + -2 - (-3 - (-1 - 1))?
3
What is the value of 11 + -19 + (-1 - -5)?
-4
Calculate (0 + 1 - -2) + (1 - 2).
2
What is the value of -2 + 8 + -7 + 3 + -5?
-3
What is the value of 3 + (-11 - 1) + 4?
-5
2 - ((4 - -4) + -6)
0
Calculate (2 - (-2 - 2)) + 24 + -24.
6
Evaluate 2 - (0 + -1 - -1).
2
-1 + (-18 + 15 - (0 + -2))
-2
Evaluate 6 + -11 - (-4 - 3).
2
(3 - 3) + (-5 - -4) + 3
2
What is the value of (-2 - 0) + -6 + 0 + 3?
-5
What is the value of 0 + (-4 - -3) + -2 + 1?
-2
What is 12 - (10 - ((2 - 4) + 7))?
7
What is -3 + 0 + 4 + -2 + -2?
-3
Calculate -9 - (-13 - (2 - 9)).
-3
What is 5 + 5 + 0 + -10?
0
What is (-2 - (1 + 1)) + 2 + 1?
-1
Evaluate 28 + -23 + (-4 - 1).
0
-4 - (-7 + -7) - 4 - 12
-6
What is the value of (-4 - -12) + -4 + -12?
-8
Evaluate -4 + 4 - -11 - 22.
-11
Evaluate 1 - 1 - (-1 + -1